s the highest common factor of 228159 and 101?
101
Calculate the highest common divisor of 7 and 603169.
7
What is the highest common factor of 120470 and 35?
35
What is the highest common factor of 2493 and 7083?
9
Calculate the greatest common factor of 143559 and 3861.
351
What is the greatest common divisor of 213 and 10143?
3
What is the greatest common divisor of 129 and 54567?
129
Calculate the greatest common factor of 16980 and 280.
20
Calculate the greatest common divisor of 22715 and 70.
35
Calculate the greatest common divisor of 99020 and 60.
20
What is the highest common factor of 130 and 598065?
65
Calculate the highest common factor of 65 and 10361.
13
Calculate the highest common factor of 168 and 409272.
24
What is the highest common divisor of 178255 and 3465?
385
What is the highest common factor of 2060 and 21950?
10
Calculate the highest common factor of 16395 and 165.
15
Calculate the highest common factor of 96 and 54312.
24
What is the greatest common factor of 6017 and 660?
11
Calculate the greatest common factor of 427 and 35301.
7
What is the greatest common factor of 22 and 3641?
11
What is the highest common divisor of 7990 and 550?
10
What is the highest common factor of 245994 and 126?
42
What is the greatest common factor of 557393 and 547?
547
What is the highest common divisor of 123 and 32759?
41
Calculate the greatest common divisor of 56859 and 231.
33
What is the greatest common divisor of 35 and 25606?
7
Calculate the highest common factor of 102672 and 279.
279
What is the highest common divisor of 2800 and 2075?
25
What is the greatest common divisor of 10812 and 15582?
318
Calculate the greatest common factor of 600 and 49680.
120
Calculate the greatest common factor of 63873 and 27.
9
What is the highest common divisor of 7 and 2569?
7
What is the highest common factor of 51 and 1214?
1
What is the greatest common divisor of 1584 and 44264?
88
Calculate the highest common divisor of 665 and 5495.
35
What is the greatest common divisor of 402 and 4273662?
402
What is the highest common factor of 148 and 21053?
37
What is the highest common divisor of 1208 and 42129?
151
Calculate the highest common divisor of 62 and 47926.
62
What is the greatest common factor of 52 and 18538?
26
Calculate the highest common divisor of 189 and 100485.
63
What is the highest common divisor of 2147 and 1178703?
2147
Calculate the highest common factor of 305 and 51179.
61
Calculate the greatest common factor of 3456 and 1188.
108
What is the highest common factor of 632 and 588?
4
Calculate the greatest common divisor of 68691 and 672.
21
What is the highest common factor of 849300 and 10?
10
What is the highest common factor of 7665 and 336165?
1095
Calculate the greatest common divisor of 1833 and 5785.
13
Calculate the greatest common divisor of 1440 and 162.
18
Calculate the highest common divisor of 72982 and 4550.
182
Calculate the highest common divisor of 7245 and 1665.
45
What is the highest common factor of 5160 and 1180?
20
Calculate the greatest common divisor of 584068 and 3020.
604
Calculate the highest common factor of 10206 and 168.
42
Calculate the highest common factor of 70526 and 3152.
394
What is the highest common factor of 271033 and 19747?
217
What is the highest common divisor of 33652 and 1222?
94
Calculate the greatest common factor of 60 and 283740.
60
Calculate the highest common factor of 15950 and 27775.
275
Calculate the greatest common divisor of 28152 and 936.
72
What is the highest common divisor of 321 and 3536457?
321
What is the greatest common factor of 246040 and 80?
40
What is the greatest common divisor of 189794 and 22?
22
What is the greatest common factor of 25011 and 6749?
397
What is the greatest common divisor of 1764 and 1813?
49
Calculate the highest common factor of 2505 and 105.
15
Calculate the greatest common divisor of 10824 and 1650.
66
What is the highest common divisor of 498 and 31706?
166
Calculate the greatest common divisor of 48 and 1433148.
12
Calculate the greatest common divisor of 808 and 620140.
404
What is the highest common factor of 243 and 11502?
81
What is the greatest common divisor of 65685 and 667?
29
Calculate the highest common factor of 12 and 3585084.
12
What is the highest common factor of 80856 and 2556?
36
What is the highest common divisor of 19915 and 1820?
35
Calculate the greatest common factor of 34264 and 96.
8
Calculate the greatest common divisor of 25910 and 80.
10
What is the greatest common divisor of 95 and 2715?
5
Calculate the greatest common divisor of 192 and 70836.
12
Calculate the highest common divisor of 717 and 26290.
239
What is the greatest common factor of 29824 and 128?
128
What is the highest common factor of 3248 and 20300?
812
What is the greatest common factor of 3519 and 261477?
153
What is the greatest common factor of 78 and 3575?
13
Calculate the greatest common divisor of 74811 and 33.
33
Calculate the highest common divisor of 14415 and 37572.
93
What is the greatest common divisor of 6352 and 38?
2
Calculate the highest common factor of 357 and 476.
119
Calculate the highest common factor of 60 and 29706.
6
Calculate the greatest common divisor of 22155 and 9849.
21
Calculate the greatest common factor of 251970 and 185.
185
What is the highest common divisor of 8591 and 2231317?
781
Calculate the greatest common divisor of 906 and 3018.
6
What is the greatest common factor of 13165 and 105?
5
Calculate the highest common divisor of 61675 and 100.
25
Calculate the greatest common divisor of 18907 and 146.
73
Calculate the greatest common factor of 1632 and 73168.
272
Calculate the greatest common divisor of 30 and 8960.
10
What is the greatest common factor of 75411 and 84?
21
Calculate the highest common divisor of 125223 and 1246.
623
What is the greatest common factor of 29875 and 250?
125
Calculate the greatest common factor of 74166 and 7101.
789
Calculate the greatest common factor of 624 and 3192.
24
Calculate the highest common divisor of 428104 and 472.
472
Calculate the greatest common divisor of 22715 and 245.
35
What is the highest common factor of 135212 and 616?
308
Calculate the highest common divisor of 891 and 46794.
33
Calculate the greatest common divisor of 5105741 and 74.
37
Calculate the greatest common factor of 855 and 2124.
9
What is the greatest common factor of 94779 and 9?
9
Calculate the greatest common factor of 107 and 2874127.
107
Calculate the highest common factor of 339915 and 340.
85
What is the highest common divisor of 759 and 1254?
33
What is the greatest common factor of 846 and 74952?
18
What is the greatest common factor of 1030 and 885182?
206
What is the highest common factor of 22 and 42086?
22
What is the highest common factor of 1245 and 661344?
249
What is the greatest common divisor of 420 and 1944?
12
What is the highest common divisor of 2941 and 544?
17
Calculate the highest common divisor of 310 and 930.
310
What is the greatest common divisor of 3175 and 7112?
127
Calculate the greatest common divisor of 658 and 13959.
47
What is the greatest common factor of 114739 and 641?
641
What is the greatest common divisor of 654 and 10704018?
654
What is the highest common factor of 8430 and 255?
15
Calculate the highest common divisor of 5499 and 3.
3
Calculate the greatest common divisor of 880090 and 340.
170
What is the highest common factor of 54324 and 144?
36
Calculate the greatest common divisor of 7722 and 7236.
54
Calculate the greatest common divisor of 2336 and 2774.
146
Calculate the highest common factor of 14454 and 20294.
146
Calculate the highest common divisor of 13790 and 46480.
70
What is the highest common divisor of 2607 and 1375?
11
What is the highest common factor of 102612 and 272?
68
Calculate the greatest common factor of 7526 and 1278.
142
What is the greatest common divisor of 20256 and 55248?
48
What is the highest common divisor of 2016 and 31136?
224
Calculate the greatest common factor of 414 and 178434.
414
What is the greatest common divisor of 66203 and 6371?
277
Calculate the greatest common factor of 691 and 221.
1
What is the highest common factor of 33 and 83886?
33
Calculate the highest common divisor of 1421361